{"id":150,"date":"2020-11-02T22:53:43","date_gmt":"2020-11-03T01:53:43","guid":{"rendered":"https:\/\/notariaaraneda.cl\/Notaria-wp\/?page_id=150"},"modified":"2026-03-06T15:25:29","modified_gmt":"2026-03-06T18:25:29","slug":"reserva","status":"publish","type":"page","link":"https:\/\/notariaaraneda.cl\/index.php\/reserva\/","title":{"rendered":"Reserva"},"content":{"rendered":"<p>[et_pb_section fb_built=&#8221;1&#8243; admin_label=&#8221;Projects&#8221; _builder_version=&#8221;4.27.5&#8243; custom_padding=&#8221;0px|0px|0px|0px|false|false&#8221; hover_enabled=&#8221;0&#8243; global_colors_info=&#8221;{}&#8221; disabled_on=&#8221;on|on|on&#8221; disabled=&#8221;on&#8221; sticky_enabled=&#8221;0&#8243; custom_margin=&#8221;0px|0px|0px|0px|false|false&#8221;][et_pb_row _builder_version=&#8221;4.27.5&#8243; background_size=&#8221;initial&#8221; background_position=&#8221;top_left&#8221; background_repeat=&#8221;repeat&#8221; custom_padding=&#8221;45px|0px|34px|0px||&#8221; hover_transition_duration=&#8221;0ms&#8221; hover_enabled=&#8221;0&#8243; custom_width_px=&#8221;710px&#8221; global_colors_info=&#8221;{}&#8221; disabled_on=&#8221;on|on|on&#8221; disabled=&#8221;on&#8221; sticky_enabled=&#8221;0&#8243;][et_pb_column type=&#8221;4_4&#8243; _builder_version=&#8221;4.16&#8243; background_position=&#8221;top_left&#8221; custom_padding=&#8221;|||&#8221; global_colors_info=&#8221;{}&#8221; custom_padding__hover=&#8221;|||&#8221;][et_pb_divider divider_weight=&#8221;3px&#8221; disabled_on=&#8221;off|off|off&#8221; _builder_version=&#8221;4.16&#8243; background_color_gradient_direction=&#8221;90deg&#8221; max_width=&#8221;100px&#8221; module_alignment=&#8221;center&#8221; height=&#8221;5px&#8221; custom_margin=&#8221;||20px|&#8221; custom_padding=&#8221;||20px|&#8221; animation_direction=&#8221;bottom&#8221; saved_tabs=&#8221;all&#8221; locked=&#8221;off&#8221; global_colors_info=&#8221;{}&#8221;][\/et_pb_divider][et_pb_text admin_label=&#8221;Projects Section Title&#8221; _builder_version=&#8221;4.16&#8243; header_font=&#8221;Poppins|600|||||||&#8221; header_text_color=&#8221;#af2413&#8243; header_font_size=&#8221;42px&#8221; text_orientation=&#8221;center&#8221; max_width=&#8221;710px&#8221; module_alignment=&#8221;center&#8221; animation_direction=&#8221;bottom&#8221; global_colors_info=&#8221;{}&#8221;]<\/p>\n<h1>Reservas<\/h1>\n<p>[\/et_pb_text][et_pb_text admin_label=&#8221;Projects Section Subtitle&#8221; _builder_version=&#8221;4.16&#8243; text_font=&#8221;Poppins||||||||&#8221; text_font_size=&#8221;16px&#8221; text_line_height=&#8221;1.9em&#8221; background_size=&#8221;initial&#8221; background_position=&#8221;top_left&#8221; background_repeat=&#8221;repeat&#8221; text_orientation=&#8221;center&#8221; max_width=&#8221;710px&#8221; module_alignment=&#8221;center&#8221; animation_direction=&#8221;bottom&#8221; global_colors_info=&#8221;{}&#8221;]<\/p>\n<p>Utilice nuestras herramientas, agende su visita y ahorre tiempo en filas.<\/p>\n<p>[\/et_pb_text][et_pb_text _builder_version=&#8221;4.16&#8243; _module_preset=&#8221;default&#8221; text_font=&#8221;Poppins||||||||&#8221; custom_margin=&#8221;-23px||||false|false&#8221; global_colors_info=&#8221;{}&#8221;]<\/p>\n<p style=\"text-align: center;\">\u00c9sta herramienta permite reservar horas con hasta 7 d\u00edas de anticipaci\u00f3n.<\/p>\n<p>[\/et_pb_text][\/et_pb_column][\/et_pb_row][et_pb_row column_structure=&#8221;1_2,1_2&#8243; disabled_on=&#8221;on|on|on&#8221; _builder_version=&#8221;4.27.5&#8243; _module_preset=&#8221;default&#8221; hover_enabled=&#8221;0&#8243; disabled=&#8221;on&#8221; global_colors_info=&#8221;{}&#8221; sticky_enabled=&#8221;0&#8243;][et_pb_column type=&#8221;1_2&#8243; _builder_version=&#8221;4.16&#8243; _module_preset=&#8221;default&#8221; global_colors_info=&#8221;{}&#8221;][et_pb_blurb use_icon=&#8221;on&#8221; font_icon=&#8221;&#x73;||divi||400&#8243; _builder_version=&#8221;4.16&#8243; _module_preset=&#8221;default&#8221; custom_padding=&#8221;42px|0px||0px||&#8221; global_colors_info=&#8221;{}&#8221;][\/et_pb_blurb][\/et_pb_column][et_pb_column type=&#8221;1_2&#8243; _builder_version=&#8221;4.16&#8243; _module_preset=&#8221;default&#8221; global_colors_info=&#8221;{}&#8221;][et_pb_text _builder_version=&#8221;4.16&#8243; _module_preset=&#8221;default&#8221; background_color=&#8221;rgba(0,0,0,0)&#8221; global_colors_info=&#8221;{}&#8221;]<\/p>\n<p><span style=\"color: #000000;\"><b>Advertencia : Se le recuerda que si el tramite que usted va a realizar no pertenece a transferencia o poder para venta de <\/b><span color=\"#ba6a01\"><b>veh\u00edculos<\/b><\/span><b>, <\/b><span color=\"#ba6a01\"><b>constituci\u00f3n<\/b><\/span><b>\u00a0o <\/b><span color=\"#ba6a01\"><b>modificaci\u00f3n<\/b><\/span><b>\u00a0de empresa en un <\/b><span color=\"#ba6a01\"><b>d\u00eda<\/b><\/span><b>\u00a0o contrato de arrendamiento, sean estos de inmuebles urbanos o rurales, no se le <\/b><span color=\"#ba6a01\"><b>atender\u00e1<\/b><\/span><b>\u00a0con \u00e9sta reserva en la notaria y deber\u00e1 solicitar n\u00famero de atenci\u00f3n, el que ser\u00e1 entregado por estricto orden de llegada, como m\u00e1ximo hasta las 13:00 horas sujeto al Nro. de personas que permanezcan en la fila esperando atenci\u00f3n.<\/b><\/span><\/p>\n<p>[\/et_pb_text][\/et_pb_column][\/et_pb_row][\/et_pb_section][et_pb_section fb_built=&#8221;1&#8243; fullwidth=&#8221;on&#8221; _builder_version=&#8221;4.27.5&#8243; _module_preset=&#8221;default&#8221; hover_enabled=&#8221;0&#8243; global_colors_info=&#8221;{}&#8221; custom_margin=&#8221;0px|0px|0px|0px|false|false&#8221; custom_padding=&#8221;0px|0px|0px|0px|false|false&#8221; sticky_enabled=&#8221;0&#8243;][et_pb_fullwidth_code _builder_version=&#8221;4.27.5&#8243; _module_preset=&#8221;default&#8221; min_height=&#8221;502px&#8221; custom_padding=&#8221;0px||0px||false|false&#8221; hover_enabled=&#8221;0&#8243; global_colors_info=&#8221;{}&#8221; sticky_enabled=&#8221;0&#8243; custom_margin=&#8221;0px||0px||false|false&#8221;]<\/p>\n<div class=\"contenedor-formulario-notaria\"><!-- [et_pb_line_break_holder] -->    <iframe src=\"https:\/\/notariaaraneda.cl\/apis\/gestion_fila\/public\/agendar.php\" <!-- [et_pb_line_break_holder] -->            width=&#8221;100%&#8221; <!-- [et_pb_line_break_holder] -->            height=&#8221;1300&#8243; <!-- [et_pb_line_break_holder] -->            frameborder=&#8221;0&#8243; <!-- [et_pb_line_break_holder] -->            scrolling=&#8221;yes&#8221; <!-- [et_pb_line_break_holder] -->            style=&#8221;border:none; overflow:hidden;&#8221;><!-- [et_pb_line_break_holder] -->    <\/iframe><!-- [et_pb_line_break_holder] --><\/div>\n<p><!-- [et_pb_line_break_holder] --><!-- [et_pb_line_break_holder] --><\/p>\n<style><!-- [et_pb_line_break_holder] -->    \/* Ajuste para m\u00f3viles *\/<!-- [et_pb_line_break_holder] -->    @media (max-width: 767px) {<!-- [et_pb_line_break_holder] -->        .contenedor-formulario-notaria iframe {<!-- [et_pb_line_break_holder] -->            height: 1200px; \/* M\u00e1s alto en m\u00f3vil porque los campos se apilan *\/<!-- [et_pb_line_break_holder] -->        }<!-- [et_pb_line_break_holder] -->    }<!-- [et_pb_line_break_holder] --><\/style>\n<p>[\/et_pb_fullwidth_code][\/et_pb_section]<\/p>\n","protected":false},"excerpt":{"rendered":"<p>ReservasUtilice nuestras herramientas, agende su visita y ahorre tiempo en filas.\u00c9sta herramienta permite reservar horas con hasta 7 d\u00edas de anticipaci\u00f3n.Advertencia : Se le recuerda que si el tramite que usted va a realizar no pertenece a transferencia o poder para venta de veh\u00edculos, constituci\u00f3n\u00a0o modificaci\u00f3n\u00a0de empresa en un d\u00eda\u00a0o contrato de arrendamiento, sean estos [&hellip;]<\/p>\n","protected":false},"author":1,"featured_media":0,"parent":0,"menu_order":0,"comment_status":"closed","ping_status":"closed","template":"","meta":{"_et_pb_use_builder":"on","_et_pb_old_content":"","_et_gb_content_width":"","_glsr_average":0,"_glsr_ranking":0,"_glsr_reviews":0,"footnotes":""},"class_list":["post-150","page","type-page","status-publish","hentry"],"_links":{"self":[{"href":"https:\/\/notariaaraneda.cl\/index.php\/wp-json\/wp\/v2\/pages\/150","targetHints":{"allow":["GET"]}}],"collection":[{"href":"https:\/\/notariaaraneda.cl\/index.php\/wp-json\/wp\/v2\/pages"}],"about":[{"href":"https:\/\/notariaaraneda.cl\/index.php\/wp-json\/wp\/v2\/types\/page"}],"author":[{"embeddable":true,"href":"https:\/\/notariaaraneda.cl\/index.php\/wp-json\/wp\/v2\/users\/1"}],"replies":[{"embeddable":true,"href":"https:\/\/notariaaraneda.cl\/index.php\/wp-json\/wp\/v2\/comments?post=150"}],"version-history":[{"count":21,"href":"https:\/\/notariaaraneda.cl\/index.php\/wp-json\/wp\/v2\/pages\/150\/revisions"}],"predecessor-version":[{"id":1898,"href":"https:\/\/notariaaraneda.cl\/index.php\/wp-json\/wp\/v2\/pages\/150\/revisions\/1898"}],"wp:attachment":[{"href":"https:\/\/notariaaraneda.cl\/index.php\/wp-json\/wp\/v2\/media?parent=150"}],"curies":[{"name":"wp","href":"https:\/\/api.w.org\/{rel}","templated":true}]}}